by 6.
4
Let z(x) = -x**2 - 13*x + 15. What is the remainder when 102 is divided by z(-12)?
21
Let d(v) be the second derivative of 11*v**4/12 - v**3/6 + v. Calculate the remainder when 28 is divided by d(1).
8
Let o = -13 + 69. What is the remainder when o is divided by 10?
6
Let n(o) = o - 1. Let b be n(4). Suppose a - 7 = b. What is the remainder when a is divided by 6?
4
Suppose 0*t - 15 = -5*t. Suppose -l = -t*l + 94. Suppose 17 - l = -3*p. Calculate the remainder when 19 is divided by p.
9
Let w(j) = -j**2 + 6*j. Let y be w(4). Suppose 2*p - 4*z = 40, 0 = -5*z - 17 - y. Suppose 3*f - p - 113 = 0. What is the remainder when f is divided by 14?
13
Let v be (30/(-8))/((-33)/88). Calculate the remainder when v*1/((-3)/(-3)) is divided by 4.
2
Let o = 2 - 6. Let h be 2*1 + (-21 - -2). Let x = o - h. What is the remainder when x is divided by 4?
1
Calculate the remainder when (-1)/(2/(-184)*2) is divided by 16.
14
Suppose -3*y = -4*z - 7*y + 72, -5*z - 3*y = -94. Suppose -4*j + 30 = -14. Calculate the remainder when z is divided by j.
9
Let g(p) = -p**2 - 10*p - 3. What is the remainder when 154 is divided by g(-8)?
11
Suppose 3*t - 119 = -5. Suppose 3*a - 40 = -a. Calculate the remainder when t is divided by a.
8
Let m be 1*(-1 + -8) + 1. Suppose 2 = -s + 23. Let k = s - m. What is the remainder when k is divided by 10?
9
Let o(a) = -a**3 - 3*a - 2. Let z be o(-2). Let l = 53 - z. Calculate the remainder when l is divided by 14.
13
Let k = 57 - 7. What is the remainder when k is divided by 13?
11
Let q(g) = 5*g - 56. Calculate the remainder when q(18) is divided by 12.
10
Let b(a) = -a**3 + 6*a**2 + 5*a - 7. Calculate the remainder when 114 is divided by b(6).
22
Let t(o) = o**3 - 7*o**2 - 9*o + 9. Calculate the remainder when (3/(-2))/((-3)/6) is divided by t(8).
0
Suppose 232 + 6 = 14*z. Calculate the remainder when 151 is divided by z.
15
Suppose m + h - 2 = 0, 2*m - 8 = 2*h + 4. Suppose 142 = m*k - 98. Suppose -4*y - y = -k. What is the remainder when 23 is divided by y?
11
Suppose 2*k - 3*f + 30 = 3*k, f = 4*k - 81. Suppose 2*g + o = k, 11 = 5*g - 4*o - 9. What is the remainder when 22 is divided by g?
6
Calculate the remainder when (-3 - -5)/((-1)/(-11)) is divided by (-212)/(-18) + (-2)/(-9).
10
Let h(g) = 7*g**3 - 12*g**2 + g + 1. Let o(n) = 6*n**3 - 11*n**2 + 2*n. Let b(w) = 5*h(w) - 6*o(w). Calculate the remainder when 15 is divided by b(4).
6
Let f = -62 - -82. What is the remainder when 39 is divided by f?
19
Let i = 198 - 38. Suppose -2*y - 2*y = -i. Let x = 48 - 34. Calculate the remainder when y is divided by x.
12
Let m be (-3 + 5)*(1 + 0). Suppose 12 = 4*o - m*o. Calculate the remainder when o is divided by 3.
0
Let f(j) = j**3 - 6*j**2 - 5*j + 8. Calculate the remainder when f(7) is divided by 13.
9
Suppose 0 = -5*m - 10, -3*m + 4 = 3*g + 2*g. Let v be g/(2/3) - -6. Calculate the remainder when 26 is divided by v + 2 - (-8)/(-4).
8
Suppose 0 = 3*i - 2*i, -4*v = 5*i - 104. Suppose 3*m + 18 = 60. Calculate the remainder when v is divided by m.
12
Let d = 38 + -26. Suppose 0 = s - 6*s + 170. What is the remainder when s is divided by d?
10
Suppose -37 + 1 = -4*u. Suppose -u = -g - 2. Calculate the remainder when 12 is divided by g.
5
Calculate the remainder when 18 is divided by 2*4 - (-2 + 6).
2
Suppose 5*g - 8 = 12. Suppose g*x - 14 = -2. Suppose 0 = -x*j + 5*j - 18. Calculate the remainder when j is divided by 5.
4
Suppose 5*x - 120 = -q, -4*x - q + 94 + 1 = 0. Let c = -2 - 7. Let o = c - -18. What is the remainder when x is divided by o?
7
Let k = 17 - 1. Let a(o) = o**3 + 4. Let q be a(0). Suppose 4*u + f = 19, 37 = -2*u + q*u - 5*f. Calculate the remainder when k is divided by u.
4
Let j be -2*((-10)/4 - -1). Suppose -2*l + j = c - 4*l, -9 = c + 2*l. Calculate the remainder when 12/(-3) - c - -24 is divided by 6.
5
Let f(j) = -j**3 - j**2 - 3*j - 2. Let k be (-2)/6*(-12)/(-2). Let o be f(k). Calculate the remainder when (-54)/(-4) - (-4)/o is divided by 8.
6
Suppose 0 = -0*s - 7*s + 28. What is the remainder when 14 is divided by s?
2
Let l(m) = -m - 4. Let x be l(-6). Suppose x*c - 6 = c. Calculate the remainder when 3/((-3)/(-10)) - -1 is divided by c.
5
Suppose -k = -0*k - 3. Suppose -2*l = -t - 3, -3*t = -l - 4*t + k. Suppose 5*c - 33 = l*c. What is the remainder when 21 is divided by c?
10
Let l(a) = 35*a**3 - 2*a**2 + 4*a - 3. What is the remainder when 167 is divided by l(1)?
31
What is the remainder when 13 is divided by 2/(2 - 8/5)?
3
Let g(k) = -27*k**3 + k**2 - k + 1. Let w be g(1). Let u = -10 - w. Suppose 2*t - 22 = 40. What is the remainder when t is divided by u?
15
Suppose -5 = 4*i - 1. Calculate the remainder when 23 + i*(-1 - -1) is divided by (-6)/(3/(-4)*1).
7
Suppose 0 = -4*j - j + 285. Suppose 2*z + 12 = o - 0*z, 0 = 4*o - 5*z - j. Calculate the remainder when (9/6)/((-3)/(-104)) is divided by o.
16
Let n be ((-7)/(-2))/(3/(-6)). What is the remainder when 61 is divided by 21 - (-3 - (n - -4))?
19
Let l(t) = t**2 - 4*t - 4. Suppose 4*j - 6 = 14. What is the remainder when l(j) is divided by 1?
0
What is the remainder when 50 is divided by (-438)/(-24) + (-1)/(-4)*-1?
14
Let y(z) = 26*z + 3. Let x be y(3). Suppose -2*l = 1 - x. Calculate the remainder when l is divided by 14.
12
Suppose -3*n = 4*l - 18, -n = -l - 3 + 4. Suppose 4*u - 16 = -4*x, n*x = -4*u - u + 20. Suppose -27 = -4*i + 13. Calculate the remainder when i is divided by u.
2
Let o be 4/(-6) - 1/3. Let h(a) = a**2 + a. Let c be h(o). Suppose 2*g + 2*g - 4*r - 72 = c, 5*g - 100 = -5*r. Calculate the remainder when 55 is divided by g.
17
Let p(a) = -a**3 - 3*a + 3. Let l be p(2). Let z = l + 18. Suppose 0*n + n - z = 0. What is the remainder when 18 is divided by n?
4
Suppose 0 = 2*s + 4*t - 0*t - 236, 2*t = 4. Suppose 7*a = 4*a + s. Calculate the remainder when a is divided by 14.
10
Let v be (24/(-2))/(-3) - 2. Suppose x - 6 = v. Let k(n) = n - 4. What is the remainder when k(x) is divided by 2?
0
Let a = -38 + 62. Let o = a + -12. Calculate the remainder when 22 is divided by o.
10
Let a(x) = x**3 - 2*x**2 - x - 1. Let p(h) = h - 2. Let v be p(5). Calculate the remainder when 8 is divided by a(v).
3
Suppose -68*b = -69*b + 263. What is the remainder when b is divided by 44?
43
Let h(t) = 6*t**2 - 29*t + 3. Calculate the remainder when h(5) is divided by 1.
0
Let s be 2/3 - 412/(-12). Let q be s/(-4) + 2/(-8). Let j = q - -17. What is the remainder when j is divided by 3?
2
Let s = 64 + -38. Calculate the remainder when s is divided by 7.
5
Suppose -3*o + 14 = q + 6, 3*o - 4 = q. Suppose -2*w - i + 22 = 0, 3*w = w + 5*i - q. Suppose -g + 4 = -w. Calculate the remainder when g is divided by 5.
3
Suppose -311 = -3*a + 112. What is the remainder when a is divided by 16?
13
Suppose -c = -3*c + 54. Suppose 5*b - c = -2*n, -n + 5*n - 5*b = 99. What is the remainder when n is divided by 6?
3
Let z = -2 + -10. Let u = 10 + 20. Calculate the remainder when 46 is divided by (z/u)/((-1)/40).
14
Suppose -h - 5*b = -11 - 20, -4*b = 5*h - 218. Calculate the remainder when h is divided by 15.
1
Let u = 1 + 0. Let g(k) = -k**3 + k + 1. Suppose 0*l + 9 = 3*l, 0 = -5*o + 5*l - 15. Calculate the remainder when u is divided by g(o).
0
Let a = 20 + -12. What is the remainder when a is divided by 4?
0
Calculate the remainder when 156 is divided by (-96)/10*(-10)/3.
28
Let z(h) = 76*h**3 + h**2. Let n be z(1). Let g = 117 - n. What is the remainder when (-30)/(-4)*g/6 is divided by 13?
11
Let c(u) = -48*u**3 + u**2. Let w be (-1)/((0 + 3)/3). Let p be c(w). Suppose -3*r + p = s, s + 3*s - 182 = -5*r. What is the remainder when s is divided by 22?
21
Let v(s) = s**2 - 7*s - 2. Let n be v(7). Let b = -7 + 12. What is the remainder when b is divided by -3*(-1)/n*-2?
2
Let x(f) = 13*f**2 - f - 1. Suppose -12 = -3*m - 3*j, 19 = -2*m - 2*m + 3*j. Calculate the remainder when x(m) is divided by 5.
3
Let u(b) = 3*b - 2. Let z be u(2). Suppose 2*j - z*j + 32 = 0. What is the remainder when j is divided by 6?
4
Let p = 83 + 3. Calculate the remainder when p is divided by 45.
41
Let c(d) = 42*d**3 + d. What is the remainder when c(1) is divided by 3?
1
Suppose -5*z + 90 = -0*z. Calculate the remainder when 71 is divided by z.
17
Calculate the remainder when 67 is divi